{"id":5341,"date":"2019-02-19T17:56:49","date_gmt":"2019-02-19T16:56:49","guid":{"rendered":"http:\/\/europa.basilicata.it\/fse\/?page_id=5341"},"modified":"2026-07-13T18:15:06","modified_gmt":"2026-07-13T16:15:06","slug":"gdpr-general-data-protection-regulation","status":"publish","type":"page","link":"https:\/\/europa.regione.basilicata.it\/fse\/gdpr-general-data-protection-regulation\/","title":{"rendered":"GDPR &#8211; General Data Protection Regulation"},"content":{"rendered":"<p>Il <a href=\"https:\/\/europa.regione.basilicata.it\/fse\/wp-content\/uploads\/2019\/02\/GDPR.pdf\" target=\"_blank\" rel=\"noopener noreferrer\">regolamento (UE) 2016\/679<\/a> del Parlamento europeo e del Consiglio sulla protezione dei dati (GDPR) disciplina il trattamento dei dati personali relativi alle persone nell&#8217;UE, da parte di persone, societ\u00e0 o organizzazioni. Non si applica al trattamento dei dati personali di persone decedute o di persone giuridiche.<\/p>\n<p>Le norme non si applicano ai dati trattati da un individuo per motivi strettamente personali o per attivit\u00e0 svolte in casa, a condizione che non vi sia alcun legame con attivit\u00e0 professionali o commerciali. Quando invece una persona utilizza i dati personali al di fuori della \u00absfera personale\u00bb, ad esempio per attivit\u00e0 socio-culturali o finanziarie, allora occorre rispettare la normativa sulla protezione dei dati.<\/p>\n<p>I dati personali sono tutte le informazioni relative a una persona vivente identificata o identificabile. Anche le varie informazioni che, raccolte insieme, possono portare all&#8217;identificazione di una determinata persona costituiscono i dati personali.<\/p>\n<p>I dati personali sottoposti a deidentificazione, cifratura o pseudonimizzazione, ma che possono essere utilizzati per reidentificare una persona, rimangono dati personali e rientrano nell&#8217;ambito di applicazione della normativa.<\/p>\n<p>I dati personali che sono stati resi anonimi, in modo tale che l&#8217;individuo non sia o non sia pi\u00f9 identificabile, non sono pi\u00f9 considerati dati personali. Perch\u00e9 i dati siano veramente anonimi, l&#8217;anonimizzazione deve essere irreversibile.<\/p>\n<p>Il regolamento protegge i dati personali a prescindere dalla tecnologia utilizzata per trattare tali dati. Si dice quindi neutrale sotto il profilo tecnologico e si applica sia al trattamento automatizzato che a quello manuale, a condizione che i dati siano organizzati in base a criteri predefiniti (ad es. in ordine alfabetico). Inoltre, non importa come vengono archiviati i dati: in un sistema informatico, tramite videosorveglianza o su carta; in tutti questi casi, i dati personali sono soggetti agli obblighi di protezione stabiliti nel regolamento.<\/p>\n<p><a href=\"https:\/\/ec.europa.eu\/commission\/priorities\/justice-and-fundamental-rights\/data-protection\/2018-reform-eu-data-protection-rules_it\" target=\"_blank\" rel=\"noopener noreferrer\">Maggiori informazioni sul sito della Commissione europea<\/a><\/p>\n<p><em>Esempio di dati personali:<\/em><\/p>\n<ul>\n<li>nome e cognome<\/li>\n<li>indirizzo di casa<\/li>\n<li>indirizzo e-mail, come nome.cognome@azienda.com<\/li>\n<li>numero della carta d\u2019identit\u00e0<\/li>\n<li>dati sulla posizione (ad es. la funzione di posizionamento su un telefono cellulare)<\/li>\n<li>un indirizzo IP (Internet Protocol)<\/li>\n<li>un ID cookie<\/li>\n<li>l\u2019identificativo pubblicitario del proprio telefono<\/li>\n<li>i dati conservati in un ospedale o da un medico, che possono essere un simbolo che identifica univocamente una persona<\/li>\n<\/ul>\n<hr \/>\n<p><strong>IL TRATTAMENTO<\/strong><\/p>\n<p>Il \u00abtrattamento\u00bb copre una vasta gamma di operazioni eseguite sui dati personali, incluse quelle con mezzi manuali o automatizzati. Comprende\u00a0<strong>la raccolta, la registrazione, l&#8217;organizzazione, la strutturazione, la conservazione, l&#8217;adattamento o la modifica, l&#8217;estrazione, la consultazione, l&#8217;uso, la comunicazione mediante trasmissione, diffusione o qualsiasi altra forma di messa a disposizione, il raffronto o l&#8217;interconnessione, la limitazione, la cancellazione o la distruzione<\/strong>\u00a0di dati personali.<\/p>\n<p>Il regolamento generale sulla protezione dei dati si applica al trattamento dei dati personali con strumenti parzialmente o interamente automatizzati e al trattamento non automatizzato, se \u00e8 parte di un sistema di archiviazione strutturato.<\/p>\n<p><em>Esempi di trattamento:<\/em><\/p>\n<ul>\n<li>gestione del personale e amministrazione delle paghe<\/li>\n<li>accesso\/consultazione di una banca dati di contatti contenente dati personali<\/li>\n<li>invio di e-mail promozionali<\/li>\n<li>triturazione di documenti contenenti dati personali<\/li>\n<li>postare\/mettere una foto di una persona su un sito web<\/li>\n<li>memorizzazione di indirizzi IP o indirizzi MAC<\/li>\n<li>videoregistrazione (CCTV)<\/li>\n<\/ul>\n<hr \/>\n<p><strong>LE AUTORITA&#8217;<\/strong><\/p>\n<p>Le autorit\u00e0 pubbliche indipendenti che vigilano, tramite i poteri investigativi e correttivi, sull&#8217;applicazione della normativa sulla protezione dei dati forniscono una consulenza specialistica sulle questioni legate alla protezione dei dati e gestiscono i reclami presentati contro le violazioni del regolamento generale sulla protezione dei dati e delle leggi nazionali pertinenti. Ne esiste una per ogni Stato membro dell&#8217;UE.<\/p>\n<p>In linea generale, il punto di contatto principale per le domande sulla protezione dei dati \u00e8 l\u2019autorit\u00e0 nello Stato membro dell&#8217;UE in cui \u00e8 basata la propria azienda\/organizzazione. Tuttavia, se la propria azienda tratta dati in diversi Stati membri dell&#8217;UE o fa parte di un gruppo di societ\u00e0 con sede in diversi Stati membri dell&#8217;UE, questo punto di contatto principale potrebbe essere un\u2019autorit\u00e0 in un altro Stato membro dell&#8217;UE.<\/p>\n<p><a href=\"http:\/\/ec.europa.eu\/justice\/data-protection\/article-29\/structure\/data-protection-authorities\/index_en.htm\">Trova online la tua autorit\u00e0 nazionale per la protezione dei dati<\/a><\/p>\n<hr \/>\n<p><strong>LE INFORMATIVE SULLA PRIVACY PER LE ATTIVITA&#8217; DELL&#8217;UFFICIO ADG FSE BASILICATA 2014-2020<\/strong><\/p>\n<p><a href=\"https:\/\/europa.regione.basilicata.it\/fse\/wp-content\/uploads\/2021\/04\/diritti-autore-e-informativa-privacy.pdf\">Diritti autore e informativa privacy<\/a><\/p>\n<p><a href=\"https:\/\/europa.regione.basilicata.it\/fse\/wp-content\/uploads\/2021\/04\/info-privacy-CdS-e-autorizzazione.pdf\">Informativa per Comitato di Sorveglianza\u00a0<\/a><\/p>\n<p><a href=\"https:\/\/europa.regione.basilicata.it\/fse\/wp-content\/uploads\/2021\/04\/Informativa-privacy-gare.pdf\">Informativa per gare e affidamenti<\/a><\/p>\n<p><a href=\"https:\/\/europa.regione.basilicata.it\/fse\/wp-content\/uploads\/2021\/04\/Informativa-privacy-PES.pdf\">Informativa per incontri con il Partenariato Economico e Sociale<\/a><\/p>\n<p><a href=\"https:\/\/europa.regione.basilicata.it\/fse\/wp-content\/uploads\/2021\/04\/informativa-privacy-stage.pdf\">Informativa per gli stage\/tirocini<\/a><\/p>\n<p><a href=\"https:\/\/europa.regione.basilicata.it\/fse\/wp-content\/uploads\/2021\/04\/Modello-liberatoria-e-informativa-privacy-per-foto-video.pdf\">Liberatoria per foto e riprese video<\/a><\/p>\n<p><a href=\"https:\/\/europa.regione.basilicata.it\/fse\/wp-content\/uploads\/2021\/04\/Modello-liberatoria-e-informativa-privacy-per-foto-videotutor.pdf\">Liberatoria per foto e riprese video (minorenni)<\/a><\/p>\n<p>&nbsp;<\/p>\n<p>&nbsp;<\/p>\n","protected":false},"excerpt":{"rendered":"<p>Il regolamento (UE) 2016\/679 del Parlamento europeo e del Consiglio sulla protezione dei dati (GDPR) disciplina il trattamento dei dati<\/p>\n","protected":false},"author":4,"featured_media":0,"parent":0,"menu_order":0,"comment_status":"closed","ping_status":"closed","template":"","meta":{"colormag_page_container_layout":"default_layout","colormag_page_sidebar_layout":"default_layout","footnotes":""},"categories":[],"tags":[],"class_list":["post-5341","page","type-page","status-publish","hentry"],"publishpress_future_action":{"enabled":false,"date":"2026-09-07 02:26:25","action":"change-status","newStatus":"draft","terms":[],"taxonomy":"category","extraData":[]},"publishpress_future_workflow_manual_trigger":{"enabledWorkflows":[]},"_links":{"self":[{"href":"https:\/\/europa.regione.basilicata.it\/fse\/wp-json\/wp\/v2\/pages\/5341","targetHints":{"allow":["GET"]}}],"collection":[{"href":"https:\/\/europa.regione.basilicata.it\/fse\/wp-json\/wp\/v2\/pages"}],"about":[{"href":"https:\/\/europa.regione.basilicata.it\/fse\/wp-json\/wp\/v2\/types\/page"}],"author":[{"embeddable":true,"href":"https:\/\/europa.regione.basilicata.it\/fse\/wp-json\/wp\/v2\/users\/4"}],"replies":[{"embeddable":true,"href":"https:\/\/europa.regione.basilicata.it\/fse\/wp-json\/wp\/v2\/comments?post=5341"}],"version-history":[{"count":7,"href":"https:\/\/europa.regione.basilicata.it\/fse\/wp-json\/wp\/v2\/pages\/5341\/revisions"}],"predecessor-version":[{"id":9964,"href":"https:\/\/europa.regione.basilicata.it\/fse\/wp-json\/wp\/v2\/pages\/5341\/revisions\/9964"}],"wp:attachment":[{"href":"https:\/\/europa.regione.basilicata.it\/fse\/wp-json\/wp\/v2\/media?parent=5341"}],"wp:term":[{"taxonomy":"category","embeddable":true,"href":"https:\/\/europa.regione.basilicata.it\/fse\/wp-json\/wp\/v2\/categories?post=5341"},{"taxonomy":"post_tag","embeddable":true,"href":"https:\/\/europa.regione.basilicata.it\/fse\/wp-json\/wp\/v2\/tags?post=5341"}],"curies":[{"name":"wp","href":"https:\/\/api.w.org\/{rel}","templated":true}]}}

<p>Il <a href="https://europa.regione.basilicata.it/fse/wp-content/uploads/2019/02/GDPR.pdf" target="_blank" rel="noopener noreferrer">regolamento (UE) 2016/679</a> del Parlamento europeo e del Consiglio sulla protezione dei dati (GDPR) disciplina il trattamento dei dati personali relativi alle persone nell&#8217;UE, da parte di persone, società o organizzazioni. Non si applica al trattamento dei dati personali di persone decedute o di persone giuridiche.</p>
<p>Le norme non si applicano ai dati trattati da un individuo per motivi strettamente personali o per attività svolte in casa, a condizione che non vi sia alcun legame con attività professionali o commerciali. Quando invece una persona utilizza i dati personali al di fuori della «sfera personale», ad esempio per attività socio-culturali o finanziarie, allora occorre rispettare la normativa sulla protezione dei dati.</p>
<p>I dati personali sono tutte le informazioni relative a una persona vivente identificata o identificabile. Anche le varie informazioni che, raccolte insieme, possono portare all&#8217;identificazione di una determinata persona costituiscono i dati personali.</p>
<p>I dati personali sottoposti a deidentificazione, cifratura o pseudonimizzazione, ma che possono essere utilizzati per reidentificare una persona, rimangono dati personali e rientrano nell&#8217;ambito di applicazione della normativa.</p>
<p>I dati personali che sono stati resi anonimi, in modo tale che l&#8217;individuo non sia o non sia più identificabile, non sono più considerati dati personali. Perché i dati siano veramente anonimi, l&#8217;anonimizzazione deve essere irreversibile.</p>
<p>Il regolamento protegge i dati personali a prescindere dalla tecnologia utilizzata per trattare tali dati. Si dice quindi neutrale sotto il profilo tecnologico e si applica sia al trattamento automatizzato che a quello manuale, a condizione che i dati siano organizzati in base a criteri predefiniti (ad es. in ordine alfabetico). Inoltre, non importa come vengono archiviati i dati: in un sistema informatico, tramite videosorveglianza o su carta; in tutti questi casi, i dati personali sono soggetti agli obblighi di protezione stabiliti nel regolamento.</p>
<p><a href="https://ec.europa.eu/commission/priorities/justice-and-fundamental-rights/data-protection/2018-reform-eu-data-protection-rules_it" target="_blank" rel="noopener noreferrer">Maggiori informazioni sul sito della Commissione europea</a></p>
<p><em>Esempio di dati personali:</em></p>
<ul>
<li>nome e cognome</li>
<li>indirizzo di casa</li>
<li>indirizzo e-mail, come nome.cognome@azienda.com</li>
<li>numero della carta d’identità</li>
<li>dati sulla posizione (ad es. la funzione di posizionamento su un telefono cellulare)</li>
<li>un indirizzo IP (Internet Protocol)</li>
<li>un ID cookie</li>
<li>l’identificativo pubblicitario del proprio telefono</li>
<li>i dati conservati in un ospedale o da un medico, che possono essere un simbolo che identifica univocamente una persona</li>
</ul>
<hr />
<p><strong>IL TRATTAMENTO</strong></p>
<p>Il «trattamento» copre una vasta gamma di operazioni eseguite sui dati personali, incluse quelle con mezzi manuali o automatizzati. Comprende <strong>la raccolta, la registrazione, l&#8217;organizzazione, la strutturazione, la conservazione, l&#8217;adattamento o la modifica, l&#8217;estrazione, la consultazione, l&#8217;uso, la comunicazione mediante trasmissione, diffusione o qualsiasi altra forma di messa a disposizione, il raffronto o l&#8217;interconnessione, la limitazione, la cancellazione o la distruzione</strong> di dati personali.</p>
<p>Il regolamento generale sulla protezione dei dati si applica al trattamento dei dati personali con strumenti parzialmente o interamente automatizzati e al trattamento non automatizzato, se è parte di un sistema di archiviazione strutturato.</p>
<p><em>Esempi di trattamento:</em></p>
<ul>
<li>gestione del personale e amministrazione delle paghe</li>
<li>accesso/consultazione di una banca dati di contatti contenente dati personali</li>
<li>invio di e-mail promozionali</li>
<li>triturazione di documenti contenenti dati personali</li>
<li>postare/mettere una foto di una persona su un sito web</li>
<li>memorizzazione di indirizzi IP o indirizzi MAC</li>
<li>videoregistrazione (CCTV)</li>
</ul>
<hr />
<p><strong>LE AUTORITA&#8217;</strong></p>
<p>Le autorità pubbliche indipendenti che vigilano, tramite i poteri investigativi e correttivi, sull&#8217;applicazione della normativa sulla protezione dei dati forniscono una consulenza specialistica sulle questioni legate alla protezione dei dati e gestiscono i reclami presentati contro le violazioni del regolamento generale sulla protezione dei dati e delle leggi nazionali pertinenti. Ne esiste una per ogni Stato membro dell&#8217;UE.</p>
<p>In linea generale, il punto di contatto principale per le domande sulla protezione dei dati è l’autorità nello Stato membro dell&#8217;UE in cui è basata la propria azienda/organizzazione. Tuttavia, se la propria azienda tratta dati in diversi Stati membri dell&#8217;UE o fa parte di un gruppo di società con sede in diversi Stati membri dell&#8217;UE, questo punto di contatto principale potrebbe essere un’autorità in un altro Stato membro dell&#8217;UE.</p>
<p><a href="http://ec.europa.eu/justice/data-protection/article-29/structure/data-protection-authorities/index_en.htm">Trova online la tua autorità nazionale per la protezione dei dati</a></p>
<hr />
<p><strong>LE INFORMATIVE SULLA PRIVACY PER LE ATTIVITA&#8217; DELL&#8217;UFFICIO ADG FSE BASILICATA 2014-2020</strong></p>
<p><a href="https://europa.regione.basilicata.it/fse/wp-content/uploads/2021/04/diritti-autore-e-informativa-privacy.pdf">Diritti autore e informativa privacy</a></p>
<p><a href="https://europa.regione.basilicata.it/fse/wp-content/uploads/2021/04/info-privacy-CdS-e-autorizzazione.pdf">Informativa per Comitato di Sorveglianza </a></p>
<p><a href="https://europa.regione.basilicata.it/fse/wp-content/uploads/2021/04/Informativa-privacy-gare.pdf">Informativa per gare e affidamenti</a></p>
<p><a href="https://europa.regione.basilicata.it/fse/wp-content/uploads/2021/04/Informativa-privacy-PES.pdf">Informativa per incontri con il Partenariato Economico e Sociale</a></p>
<p><a href="https://europa.regione.basilicata.it/fse/wp-content/uploads/2021/04/informativa-privacy-stage.pdf">Informativa per gli stage/tirocini</a></p>
<p><a href="https://europa.regione.basilicata.it/fse/wp-content/uploads/2021/04/Modello-liberatoria-e-informativa-privacy-per-foto-video.pdf">Liberatoria per foto e riprese video</a></p>
<p><a href="https://europa.regione.basilicata.it/fse/wp-content/uploads/2021/04/Modello-liberatoria-e-informativa-privacy-per-foto-videotutor.pdf">Liberatoria per foto e riprese video (minorenni)</a></p>
<p>&nbsp;</p>
<p>&nbsp;</p>
